{"id":7,"date":"2020-06-13T18:32:11","date_gmt":"2020-06-13T18:32:11","guid":{"rendered":"http:\/\/brucherseglerclub.de\/?page_id=7"},"modified":"2022-10-23T09:59:50","modified_gmt":"2022-10-23T09:59:50","slug":"impressum","status":"publish","type":"page","link":"http:\/\/brucherseglerclub.de\/?page_id=7","title":{"rendered":"Impressum"},"content":{"rendered":"\t\t<div data-elementor-type=\"wp-page\" data-elementor-id=\"7\" class=\"elementor elementor-7\">\n\t\t\t\t\t\t<section class=\"elementor-section elementor-top-section elementor-element elementor-element-f10dd9b elementor-section-boxed elementor-section-height-default elementor-section-height-default\" data-id=\"f10dd9b\" data-element_type=\"section\" data-e-type=\"section\" data-settings=\"{&quot;background_background&quot;:&quot;classic&quot;}\">\n\t\t\t\t\t\t<div class=\"elementor-container elementor-column-gap-default\">\n\t\t\t\t\t<div class=\"elementor-column elementor-col-100 elementor-top-column elementor-element elementor-element-f2ece78\" data-id=\"f2ece78\" data-element_type=\"column\" data-e-type=\"column\">\n\t\t\t<div class=\"elementor-widget-wrap elementor-element-populated\">\n\t\t\t\t\t\t<div class=\"elementor-element elementor-element-de7f742 elementor-widget elementor-widget-text-editor\" data-id=\"de7f742\" data-element_type=\"widget\" data-e-type=\"widget\" data-widget_type=\"text-editor.default\">\n\t\t\t\t<div class=\"elementor-widget-container\">\n\t\t\t\t\t\t\t\t\t<h3><span style=\"color: #ffffff;\">Impressum<br \/><\/span><\/h3><p><span style=\"color: #ffffff;\">Verantwortlich f\u00fcr den Inhalt:<\/span><br \/><span style=\"color: #ffffff;\"><b>Brucher Segler-Club e. V.<\/b><\/span><br \/><span style=\"color: #ffffff;\">VR 600617 &#8211; Amtsgericht K\u00f6ln &#8211; USt.Id-Nr. DE123841034<\/span><\/p><p><span style=\"color: #ffffff;\"><strong>Ladungsf\u00e4hige Adresse:<\/strong><\/span><br \/><span style=\"color: #ffffff;\"><b>Brucher Segler-Club e. V.<\/b><\/span><br \/><span style=\"color: #ffffff;\">1. Vorsitzender Sven Kemmerich<\/span><br \/><span style=\"color: #ffffff;\">H\u00fcckeswagenerstr. 120A<\/span><br \/><span style=\"color: #ffffff;\">51647 Gummersbach<\/span><\/p><h5><a href=\"http:\/\/brucherseglerclub.de\/wp-content\/uploads\/2020\/11\/BrSC-Satzung-vom-16.03.2018_V201107.pdf\">BrSC-Satzung vom 16.03.2018 (PDF)<\/a><\/h5><div>\u00a0<\/div><h4><span style=\"color: #ffffff;\">Haftungsausschluss<\/span><\/h4><p><span style=\"color: #ffffff;\"><strong>Inhalte<\/strong><\/span><br \/><span style=\"color: #ffffff;\">Der Inhalt dieser Seiten wurde sorgf\u00e4ltig bearbeitet und \u00fcberpr\u00fcft. Wir \u00fcbernehme jedoch keine Gew\u00e4hr f\u00fcr die Aktualit\u00e4t, Richtigkeit, Vollst\u00e4ndigkeit oder Qualit\u00e4t der bereitgestellten Informationen. Haftungsanspr\u00fcche gegen die mich, die sich auf Sch\u00e4den materieller oder ideeller Art beziehen, welche durch die Nutzung oder Nichtnutzung der dargebotenen Informationen oder durch fehlerhafte und unvollst\u00e4ndige Informationen verursacht wurden, sind grunds\u00e4tzlich ausgeschlossen, sofern von meiner Seite kein nachweislich vors\u00e4tzliches oder grob fahrl\u00e4ssiges Verschulden vorliegt. Wir behalten uns ausdr\u00fccklich das Recht vor, Teile der Seite oder das gesamte Angebot ohne vorherige Ank\u00fcndigung zu ver\u00e4ndern, zu erg\u00e4nzen, zu l\u00f6schen oder die Ver\u00f6ffentlichung einzustellen.<\/span><\/p><p><span style=\"color: #ffffff;\"><strong>Links<\/strong><\/span><br \/><span style=\"color: #ffffff;\">Sofern wir direkt oder indirekt auf fremde Internetseiten verweisen (&#8222;Links&#8220;), haften wir nur, wenn wir von den Inhalten genaue Kenntnis haben und es uns technisch m\u00f6glich und zumutbar ist, die Nutzung im Falle rechtswidriger Inhalte zu verhindern. Wir erkl\u00e4re hiermit ausdr\u00fccklich, dass zum Zeitpunkt der Linksetzung die verlinkten Seiten keine illegalen Inhalte enthalten haben. Wir habe keinerlei Einfluss auf die aktuelle und zuk\u00fcnftige Gestaltung der verlinkten Seiten. Wir distanziere uns daher hiermit ausdr\u00fccklich von allen inhaltlichen \u00c4nderungen, die nach der Linkssetzung auf den verlinkten Seiten vorgenommen werden. Dies gilt auch f\u00fcr Fremdeintr\u00e4ge in von uns eingerichteten G\u00e4steb\u00fcchern, Diskussionsforen und Mailinglisten. Wir sind nicht verantwortlich f\u00fcr den Inhalt, die Verf\u00fcgbarkeit, die Richtigkeit und die Genauigkeit der verlinkten Seiten, deren Angebote, Links oder Werbeanzeigen. Wir haften nicht f\u00fcr illegale, fehlerhafte oder unvollst\u00e4ndige Inhalte und insbesondere f\u00fcr Sch\u00e4den, die durch Nutzung oder Nichtnutzung der auf den verlinkten Seiten angebotenen Informationen entstehen.<\/span><\/p><p><span style=\"color: #ffffff;\"><strong>Urheberrecht<\/strong><\/span><br \/><span style=\"color: #ffffff;\">Wir sind bestrebt, in allen Publikationen geltende Urheberrechte zu beachten. Sollte es trotzdem zu einer Urheberrechtsverletzung kommen werden wir das entsprechende Objekt nach Benachrichtigung aus seiner Publikation entfernen bzw. mit dem entsprechenden Urheberrecht kenntlich machen. Alle innerhalb des Internetangebots genannten und gegebenenfalls durch Dritte gesch\u00fctzten Marken- und Warenzeichen unterliegen uneingeschr\u00e4nkt den Bestimmungen des jeweils g\u00fcltigen Kennzeichenrechts und den Besitzrechten der jeweiligen eingetragenen Eigent\u00fcmer. Allein aufgrund der blo\u00dfen Nennung ist nicht der Schluss zu ziehen, dass Markenzeichen nicht durch Rechte Dritter gesch\u00fctzt sind. Das Urheberrecht f\u00fcr die eigenen Inhalte auf dieser Domain steht allein uns zu. Eine Vervielf\u00e4ltigung der Grafiken, Sounds oder Texte in anderen elektronischen oder gedruckten Publikationen ist ohne unsere ausdr\u00fcckliche Zustimmung nicht gestattet.<\/span><\/p><p><span style=\"color: #ffffff;\"><strong>Rechtswirksamkeit<\/strong><\/span><br \/><span style=\"color: #ffffff;\">Dieser Haftungsausschluss ist als Teil des Internetangebotes zu betrachten, von dem aus auf diese Seite verwiesen wurde. Sofern Teile oder einzelne Formulierungen dieses Textes der geltenden Rechtslage nicht, nicht mehr oder nicht vollst\u00e4ndig entsprechen sollten, bleiben die \u00fcbrigen Teile des Dokumentes in ihrem Inhalt und ihrer G\u00fcltigkeit hiervon unber\u00fchrt.<\/span><\/p>\t\t\t\t\t\t\t\t<\/div>\n\t\t\t\t<\/div>\n\t\t\t\t\t<\/div>\n\t\t<\/div>\n\t\t\t\t\t<\/div>\n\t\t<\/section>\n\t\t\t\t<section class=\"elementor-section elementor-top-section elementor-element elementor-element-83e533c elementor-section-boxed elementor-section-height-default elementor-section-height-default\" data-id=\"83e533c\" data-element_type=\"section\" data-e-type=\"section\" data-settings=\"{&quot;background_background&quot;:&quot;classic&quot;}\">\n\t\t\t\t\t\t<div class=\"elementor-container elementor-column-gap-default\">\n\t\t\t\t\t<div class=\"elementor-column elementor-col-100 elementor-top-column elementor-element elementor-element-080eadc\" data-id=\"080eadc\" data-element_type=\"column\" data-e-type=\"column\" data-settings=\"{&quot;background_background&quot;:&quot;classic&quot;}\">\n\t\t\t<div class=\"elementor-widget-wrap elementor-element-populated\">\n\t\t\t\t\t\t<div class=\"elementor-element elementor-element-37101c8 elementor-widget__width-initial elementor-widget elementor-widget-spacer\" data-id=\"37101c8\" data-element_type=\"widget\" data-e-type=\"widget\" data-widget_type=\"spacer.default\">\n\t\t\t\t<div class=\"elementor-widget-container\">\n\t\t\t\t\t\t\t<div class=\"elementor-spacer\">\n\t\t\t<div class=\"elementor-spacer-inner\"><\/div>\n\t\t<\/div>\n\t\t\t\t\t\t<\/div>\n\t\t\t\t<\/div>\n\t\t\t\t\t<\/div>\n\t\t<\/div>\n\t\t\t\t\t<\/div>\n\t\t<\/section>\n\t\t\t\t<\/div>\n\t\t","protected":false},"excerpt":{"rendered":"<p>Impressum Verantwortlich f\u00fcr den Inhalt:Brucher Segler-Club e. V.VR 600617 &#8211; Amtsgericht K\u00f6ln &#8211; USt.Id-Nr. DE123841034 Ladungsf\u00e4hige Adresse:Brucher Segler-Club&#8230;<\/p>\n","protected":false},"author":1,"featured_media":0,"parent":0,"menu_order":0,"comment_status":"closed","ping_status":"closed","template":"elementor_header_footer","meta":{"_acf_changed":false,"footnotes":""},"class_list":["post-7","page","type-page","status-publish","hentry"],"acf":[],"_links":{"self":[{"href":"http:\/\/brucherseglerclub.de\/index.php?rest_route=\/wp\/v2\/pages\/7","targetHints":{"allow":["GET"]}}],"collection":[{"href":"http:\/\/brucherseglerclub.de\/index.php?rest_route=\/wp\/v2\/pages"}],"about":[{"href":"http:\/\/brucherseglerclub.de\/index.php?rest_route=\/wp\/v2\/types\/page"}],"author":[{"embeddable":true,"href":"http:\/\/brucherseglerclub.de\/index.php?rest_route=\/wp\/v2\/users\/1"}],"replies":[{"embeddable":true,"href":"http:\/\/brucherseglerclub.de\/index.php?rest_route=%2Fwp%2Fv2%2Fcomments&post=7"}],"version-history":[{"count":0,"href":"http:\/\/brucherseglerclub.de\/index.php?rest_route=\/wp\/v2\/pages\/7\/revisions"}],"wp:attachment":[{"href":"http:\/\/brucherseglerclub.de\/index.php?rest_route=%2Fwp%2Fv2%2Fmedia&parent=7"}],"curies":[{"name":"wp","href":"https:\/\/api.w.org\/{rel}","templated":true}]}}